{"id":1762,"date":"2023-07-03T14:23:49","date_gmt":"2023-07-03T14:23:49","guid":{"rendered":"https:\/\/pasteleriadulcedeleche.com\/factory\/p\/carrot-cake-con-nuez-x-2-700-grs-aprox\/"},"modified":"2024-09-18T08:34:33","modified_gmt":"2024-09-18T08:34:33","slug":"carrot-cake-con-nuez-x-2-700-grs-aprox","status":"publish","type":"product","link":"https:\/\/pasteleriadulcedeleche.com\/factory\/p\/carrot-cake-con-nuez-x-2-700-grs-aprox\/","title":{"rendered":"CARROT CAKE CON NUEZ"},"content":{"rendered":"<p>Bizcocho h\u00famedo de zanahorias, az\u00facar de ca\u00f1a y nueces, relleno de crema de queso.<\/p>\n","protected":false},"excerpt":{"rendered":"<p>Bizcocho h\u00famedo de zanahorias, az\u00facar de ca\u00f1a y nueces, relleno de crema de queso.<\/p>\n","protected":false},"featured_media":815,"comment_status":"closed","ping_status":"closed","template":"","meta":{"_acf_changed":false},"product_brand":[],"product_cat":[22],"product_tag":[],"class_list":{"0":"post-1762","1":"product","2":"type-product","3":"status-publish","4":"has-post-thumbnail","6":"product_cat-tartas-varias","8":"first","9":"instock","10":"featured","11":"purchasable","12":"product-type-simple"},"acf":[],"_links":{"self":[{"href":"https:\/\/pasteleriadulcedeleche.com\/factory\/wp-json\/wp\/v2\/product\/1762","targetHints":{"allow":["GET"]}}],"collection":[{"href":"https:\/\/pasteleriadulcedeleche.com\/factory\/wp-json\/wp\/v2\/product"}],"about":[{"href":"https:\/\/pasteleriadulcedeleche.com\/factory\/wp-json\/wp\/v2\/types\/product"}],"replies":[{"embeddable":true,"href":"https:\/\/pasteleriadulcedeleche.com\/factory\/wp-json\/wp\/v2\/comments?post=1762"}],"wp:featuredmedia":[{"embeddable":true,"href":"https:\/\/pasteleriadulcedeleche.com\/factory\/wp-json\/wp\/v2\/media\/815"}],"wp:attachment":[{"href":"https:\/\/pasteleriadulcedeleche.com\/factory\/wp-json\/wp\/v2\/media?parent=1762"}],"wp:term":[{"taxonomy":"product_brand","embeddable":true,"href":"https:\/\/pasteleriadulcedeleche.com\/factory\/wp-json\/wp\/v2\/product_brand?post=1762"},{"taxonomy":"product_cat","embeddable":true,"href":"https:\/\/pasteleriadulcedeleche.com\/factory\/wp-json\/wp\/v2\/product_cat?post=1762"},{"taxonomy":"product_tag","embeddable":true,"href":"https:\/\/pasteleriadulcedeleche.com\/factory\/wp-json\/wp\/v2\/product_tag?post=1762"}],"curies":[{"name":"wp","href":"https:\/\/api.w.org\/{rel}","templated":true}]}}